{"version":"1.0","provider_name":"K\u00e4sipallon miesten Aktialiiga","provider_url":"https:\/\/aktialiiga.fi\/miehet","author_name":"tbrmedia","author_url":"#","title":"Aku Kuusisto jatkaa \u00c5IFK:n p\u00e4\u00e4valmentajana | K\u00e4sipallon miesten Aktialiiga","type":"rich","width":600,"height":338,"html":"<blockquote class=\"wp-embedded-content\" data-secret=\"Paf1snGuZu\"><a href=\"https:\/\/aktialiiga.fi\/miehet\/ajankohtaista\/aku-kuusisto-jatkaa-aifkn-paavalmentajana\/\">Aku Kuusisto jatkaa \u00c5IFK:n p\u00e4\u00e4valmentajana<\/a><\/blockquote><iframe sandbox=\"allow-scripts\" security=\"restricted\" src=\"https:\/\/aktialiiga.fi\/miehet\/ajankohtaista\/aku-kuusisto-jatkaa-aifkn-paavalmentajana\/embed\/#?secret=Paf1snGuZu\" width=\"600\" height=\"338\" title=\"&#8221;Aku Kuusisto jatkaa \u00c5IFK:n p\u00e4\u00e4valmentajana&#8221; &#8212; K\u00e4sipallon miesten Aktialiiga\" data-secret=\"Paf1snGuZu\" frameborder=\"0\" marginwidth=\"0\" marginheight=\"0\" scrolling=\"no\" class=\"wp-embedded-content\"><\/iframe><script type=\"text\/javascript\">\n\/* <![CDATA[ *\/\n\/*! This file is auto-generated *\/\n!function(d,l){\"use strict\";l.querySelector&&d.addEventListener&&\"undefined\"!=typeof URL&&(d.wp=d.wp||{},d.wp.receiveEmbedMessage||(d.wp.receiveEmbedMessage=function(e){var t=e.data;if((t||t.secret||t.message||t.value)&&!\/[^a-zA-Z0-9]\/.test(t.secret)){for(var s,r,n,a=l.querySelectorAll('iframe[data-secret=\"'+t.secret+'\"]'),o=l.querySelectorAll('blockquote[data-secret=\"'+t.secret+'\"]'),c=new RegExp(\"^https?:$\",\"i\"),i=0;i<o.length;i++)o[i].style.display=\"none\";for(i=0;i<a.length;i++)s=a[i],e.source===s.contentWindow&&(s.removeAttribute(\"style\"),\"height\"===t.message?(1e3<(r=parseInt(t.value,10))?r=1e3:~~r<200&&(r=200),s.height=r):\"link\"===t.message&&(r=new URL(s.getAttribute(\"src\")),n=new URL(t.value),c.test(n.protocol))&&n.host===r.host&&l.activeElement===s&&(d.top.location.href=t.value))}},d.addEventListener(\"message\",d.wp.receiveEmbedMessage,!1),l.addEventListener(\"DOMContentLoaded\",function(){for(var e,t,s=l.querySelectorAll(\"iframe.wp-embedded-content\"),r=0;r<s.length;r++)(t=(e=s[r]).getAttribute(\"data-secret\"))||(t=Math.random().toString(36).substring(2,12),e.src+=\"#?secret=\"+t,e.setAttribute(\"data-secret\",t)),e.contentWindow.postMessage({message:\"ready\",secret:t},\"*\")},!1)))}(window,document);\n\/\/# sourceURL=https:\/\/aktialiiga.fi\/miehet\/wp-includes\/js\/wp-embed.min.js\n\/* ]]> *\/\n<\/script>\n","thumbnail_url":"https:\/\/i0.wp.com\/aktialiiga.fi\/miehet\/wp-content\/uploads\/sites\/5\/2023\/11\/AIFK_Kuusisto_Aku_2324_Robert_Lemberg-scaled.jpg?fit=2560%2C1134&ssl=1","thumbnail_width":2560,"thumbnail_height":1134,"description":"P\u00e4\u00e4valmentaja Aku Kuusisto ja k\u00e4sipalloseura HF \u00c5IFK jatkavat yhdess\u00e4 kaudelle 2024\u20132025. Kuusiston sopimus kausille 2023\u20132025 sis\u00e4lt\u00e4\u00e4 optiot vuoteen 2027 asti. Miesten edustusjoukkueen lis\u00e4ksi Kuusisto on mukana seuran vanhimpien juniorien valmennuksessa. \u00c5IFK:n miesten SM-liigajoukkue panostaa vahvasti omiin junioreihin ja heid\u00e4n kehitykseens\u00e4. Seuran strategisena tavoitteena on tulla Suomen parhaimmaksi kasvattajaseuraksi viiden vuoden kuluessa. Ammattimainen valmennus on t\u00e4rke\u00e4 [&hellip;]"}

Käsipallon miesten Aktialiiga

Aku Kuusisto jatkaa ÅIFK:n päävalmentajana | Käsipallon miesten Aktialiiga

<blockquote class="wp-embedded-content" data-secret="Paf1snGuZu"><a href="https://aktialiiga.fi/miehet/ajankohtaista/aku-kuusisto-jatkaa-aifkn-paavalmentajana/">Aku Kuusisto jatkaa ÅIFK:n päävalmentajana</a></blockquote><iframe sandbox="allow-scripts" security="restricted" src="https://aktialiiga.fi/miehet/ajankohtaista/aku-kuusisto-jatkaa-aifkn-paavalmentajana/embed/#?secret=Paf1snGuZu" width="600" height="338" title="&#8221;Aku Kuusisto jatkaa ÅIFK:n päävalmentajana&#8221; &#8212; Käsipallon miesten Aktialiiga" data-secret="Paf1snGuZu" frameborder="0" marginwidth="0" marginheight="0" scrolling="no" class="wp-embedded-content"></iframe><script type="text/javascript">
/* <![CDATA[ */
/*! This file is auto-generated */
!function(d,l){"use strict";l.querySelector&&d.addEventListener&&"undefined"!=typeof URL&&(d.wp=d.wp||{},d.wp.receiveEmbedMessage||(d.wp.receiveEmbedMessage=function(e){var t=e.data;if((t||t.secret||t.message||t.value)&&!/[^a-zA-Z0-9]/.test(t.secret)){for(var s,r,n,a=l.querySelectorAll('iframe[data-secret="'+t.secret+'"]'),o=l.querySelectorAll('blockquote[data-secret="'+t.secret+'"]'),c=new RegExp("^https?:$","i"),i=0;i<o.length;i++)o[i].style.display="none";for(i=0;i<a.length;i++)s=a[i],e.source===s.contentWindow&&(s.removeAttribute("style"),"height"===t.message?(1e3<(r=parseInt(t.value,10))?r=1e3:~~r<200&&(r=200),s.height=r):"link"===t.message&&(r=new URL(s.getAttribute("src")),n=new URL(t.value),c.test(n.protocol))&&n.host===r.host&&l.activeElement===s&&(d.top.location.href=t.value))}},d.addEventListener("message",d.wp.receiveEmbedMessage,!1),l.addEventListener("DOMContentLoaded",function(){for(var e,t,s=l.querySelectorAll("iframe.wp-embedded-content"),r=0;r<s.length;r++)(t=(e=s[r]).getAttribute("data-secret"))||(t=Math.random().toString(36).substring(2,12),e.src+="#?secret="+t,e.setAttribute("data-secret",t)),e.contentWindow.postMessage({message:"ready",secret:t},"*")},!1)))}(window,document);
//# sourceURL=https://aktialiiga.fi/miehet/wp-includes/js/wp-embed.min.js
/* ]]> */
</script>

Päävalmentaja Aku Kuusisto ja käsipalloseura HF ÅIFK jatkavat yhdessä kaudelle 2024–2025. Kuusiston sopimus kausille 2023–2025 sisältää optiot vuoteen 2027 asti. Miesten edustusjoukkueen lisäksi Kuusisto on mukana seuran vanhimpien juniorien valmennuksessa. ÅIFK:n miesten SM-liigajoukkue panostaa vahvasti omiin junioreihin ja heidän kehitykseensä. Seuran strategisena tavoitteena on tulla Suomen parhaimmaksi kasvattajaseuraksi viiden vuoden kuluessa. Ammattimainen valmennus on tärkeä [&hellip;]
