{"version":"1.0","provider_name":"K\u00e4sipallon naisten Aktialiiga","provider_url":"https:\/\/aktialiiga.fi\/naiset","author_name":"tbrmedia","author_url":"#","title":"Degerman joutuu leikkaukseen \u2013 Radojevic BK-46:n maalille | K\u00e4sipallon naisten Aktialiiga","type":"rich","width":600,"height":338,"html":"<blockquote class=\"wp-embedded-content\" data-secret=\"PyiPIVOedW\"><a href=\"https:\/\/aktialiiga.fi\/naiset\/ajankohtaista\/degerman-joutuu-leikkaukseen-radojevic-bk-46n-maalille\/\">Degerman joutuu leikkaukseen \u2013 Radojevic BK-46:n maalille<\/a><\/blockquote><iframe sandbox=\"allow-scripts\" security=\"restricted\" src=\"https:\/\/aktialiiga.fi\/naiset\/ajankohtaista\/degerman-joutuu-leikkaukseen-radojevic-bk-46n-maalille\/embed\/#?secret=PyiPIVOedW\" width=\"600\" height=\"338\" title=\"&#8221;Degerman joutuu leikkaukseen \u2013 Radojevic BK-46:n maalille&#8221; &#8212; K\u00e4sipallon naisten Aktialiiga\" data-secret=\"PyiPIVOedW\" frameborder=\"0\" marginwidth=\"0\" marginheight=\"0\" scrolling=\"no\" class=\"wp-embedded-content\"><\/iframe><script type=\"text\/javascript\">\n\/* <![CDATA[ *\/\n\/*! This file is auto-generated *\/\n!function(d,l){\"use strict\";l.querySelector&&d.addEventListener&&\"undefined\"!=typeof URL&&(d.wp=d.wp||{},d.wp.receiveEmbedMessage||(d.wp.receiveEmbedMessage=function(e){var t=e.data;if((t||t.secret||t.message||t.value)&&!\/[^a-zA-Z0-9]\/.test(t.secret)){for(var s,r,n,a=l.querySelectorAll('iframe[data-secret=\"'+t.secret+'\"]'),o=l.querySelectorAll('blockquote[data-secret=\"'+t.secret+'\"]'),c=new RegExp(\"^https?:$\",\"i\"),i=0;i<o.length;i++)o[i].style.display=\"none\";for(i=0;i<a.length;i++)s=a[i],e.source===s.contentWindow&&(s.removeAttribute(\"style\"),\"height\"===t.message?(1e3<(r=parseInt(t.value,10))?r=1e3:~~r<200&&(r=200),s.height=r):\"link\"===t.message&&(r=new URL(s.getAttribute(\"src\")),n=new URL(t.value),c.test(n.protocol))&&n.host===r.host&&l.activeElement===s&&(d.top.location.href=t.value))}},d.addEventListener(\"message\",d.wp.receiveEmbedMessage,!1),l.addEventListener(\"DOMContentLoaded\",function(){for(var e,t,s=l.querySelectorAll(\"iframe.wp-embedded-content\"),r=0;r<s.length;r++)(t=(e=s[r]).getAttribute(\"data-secret\"))||(t=Math.random().toString(36).substring(2,12),e.src+=\"#?secret=\"+t,e.setAttribute(\"data-secret\",t)),e.contentWindow.postMessage({message:\"ready\",secret:t},\"*\")},!1)))}(window,document);\n\/\/# sourceURL=https:\/\/aktialiiga.fi\/naiset\/wp-includes\/js\/wp-embed.min.js\n\/* ]]> *\/\n<\/script>\n","thumbnail_url":"https:\/\/aktialiiga.fi\/naiset\/wp-content\/uploads\/sites\/6\/2016\/08\/IMG_4507_Fotosto-686x1030.jpg","thumbnail_width":686,"thumbnail_height":1030,"description":"BK-46 on saanut sek\u00e4 hyvi\u00e4 ett\u00e4 huonoja uutisia. Positiivisella saralla on maalivahti Ana Radojevicin liittyminen joukkueeseen. Ik\u00e4vien uutisten puolelta sen sijaan maalitykki Pamela Degermanin kausi on ohi viikonlopun j\u00e4lkeen. Radojevic oli jo syksyll\u00e4 tulossa Suomeen ja p\u00e4\u00e4si nyt vihdoin vahvistamaan karjaalaisia. H\u00e4n debytoi maalilla jo lauantaina BK-46:n kohdatessa Dickenin. &#8211; H\u00e4n oli keskiviikkona ensimm\u00e4ist\u00e4 kertaa [&hellip;]"}

Käsipallon naisten Aktialiiga

Degerman joutuu leikkaukseen – Radojevic BK-46:n maalille | Käsipallon naisten Aktialiiga

<blockquote class="wp-embedded-content" data-secret="PyiPIVOedW"><a href="https://aktialiiga.fi/naiset/ajankohtaista/degerman-joutuu-leikkaukseen-radojevic-bk-46n-maalille/">Degerman joutuu leikkaukseen – Radojevic BK-46:n maalille</a></blockquote><iframe sandbox="allow-scripts" security="restricted" src="https://aktialiiga.fi/naiset/ajankohtaista/degerman-joutuu-leikkaukseen-radojevic-bk-46n-maalille/embed/#?secret=PyiPIVOedW" width="600" height="338" title="&#8221;Degerman joutuu leikkaukseen – Radojevic BK-46:n maalille&#8221; &#8212; Käsipallon naisten Aktialiiga" data-secret="PyiPIVOedW" frameborder="0" marginwidth="0" marginheight="0" scrolling="no" class="wp-embedded-content"></iframe><script type="text/javascript">
/* <![CDATA[ */
/*! This file is auto-generated */
!function(d,l){"use strict";l.querySelector&&d.addEventListener&&"undefined"!=typeof URL&&(d.wp=d.wp||{},d.wp.receiveEmbedMessage||(d.wp.receiveEmbedMessage=function(e){var t=e.data;if((t||t.secret||t.message||t.value)&&!/[^a-zA-Z0-9]/.test(t.secret)){for(var s,r,n,a=l.querySelectorAll('iframe[data-secret="'+t.secret+'"]'),o=l.querySelectorAll('blockquote[data-secret="'+t.secret+'"]'),c=new RegExp("^https?:$","i"),i=0;i<o.length;i++)o[i].style.display="none";for(i=0;i<a.length;i++)s=a[i],e.source===s.contentWindow&&(s.removeAttribute("style"),"height"===t.message?(1e3<(r=parseInt(t.value,10))?r=1e3:~~r<200&&(r=200),s.height=r):"link"===t.message&&(r=new URL(s.getAttribute("src")),n=new URL(t.value),c.test(n.protocol))&&n.host===r.host&&l.activeElement===s&&(d.top.location.href=t.value))}},d.addEventListener("message",d.wp.receiveEmbedMessage,!1),l.addEventListener("DOMContentLoaded",function(){for(var e,t,s=l.querySelectorAll("iframe.wp-embedded-content"),r=0;r<s.length;r++)(t=(e=s[r]).getAttribute("data-secret"))||(t=Math.random().toString(36).substring(2,12),e.src+="#?secret="+t,e.setAttribute("data-secret",t)),e.contentWindow.postMessage({message:"ready",secret:t},"*")},!1)))}(window,document);
//# sourceURL=https://aktialiiga.fi/naiset/wp-includes/js/wp-embed.min.js
/* ]]> */
</script>

BK-46 on saanut sekä hyviä että huonoja uutisia. Positiivisella saralla on maalivahti Ana Radojevicin liittyminen joukkueeseen. Ikävien uutisten puolelta sen sijaan maalitykki Pamela Degermanin kausi on ohi viikonlopun jälkeen. Radojevic oli jo syksyllä tulossa Suomeen ja pääsi nyt vihdoin vahvistamaan karjaalaisia. Hän debytoi maalilla jo lauantaina BK-46:n kohdatessa Dickenin. &#8211; Hän oli keskiviikkona ensimmäistä kertaa [&hellip;]
