{"id":37815,"date":"2024-08-15T18:29:42","date_gmt":"2024-08-15T15:29:42","guid":{"rendered":"https:\/\/aktialiiga.fi\/naiset\/?page_id=37815"},"modified":"2024-08-28T18:32:10","modified_gmt":"2024-08-28T15:32:10","slug":"kasipallon-naisten-sm-sarja-2018-19","status":"publish","type":"page","link":"https:\/\/aktialiiga.fi\/naiset\/kasipallon-naisten-sm-sarja-2018-19\/","title":{"rendered":"K\u00e4sipallon naisten SM-sarja 2018-19"},"content":{"rendered":"\n<style type=\"text\/css\" data-created_by=\"avia_inline_auto\" id=\"style-css-av-2nftuiik-6176650b2e9b275327ba7ba0691cfefd\">\n.avia-section.av-2nftuiik-6176650b2e9b275327ba7ba0691cfefd{\nbackground-color:#ffffff;\nbackground-image:url(https:\/\/aktialiiga.fi\/naiset\/wp-content\/uploads\/sites\/6\/2024\/08\/Naisten-Suomen-mestarit-2019-HIFK.jpg);\nbackground-repeat:no-repeat;\nbackground-position:50% 50%;\nbackground-attachment:scroll;\n}\n.avia-section.av-2nftuiik-6176650b2e9b275327ba7ba0691cfefd .av-section-color-overlay{\nopacity:0.3;\nbackground-color:#000000;\n}\n<\/style>\n<div id='av_section_1'  class='avia-section av-2nftuiik-6176650b2e9b275327ba7ba0691cfefd main_color avia-section-large avia-no-shadow  avia-builder-el-0  el_before_av_layout_row  avia-builder-el-first  avia-full-stretch avia-bg-style-scroll av-section-color-overlay-active av-minimum-height av-minimum-height-75 av-height-75  container_wrap sidebar_right'  data-section-bg-repeat='stretch' data-av_minimum_height_pc='75' data-av_min_height_opt='75'><div class=\"av-section-color-overlay-wrap\"><div class=\"av-section-color-overlay\"><\/div><a href='#next-section' title='' class='scroll-down-link  avia-svg-icon avia-font-svg_entypo-fontello' data-av_svg_icon='down-open-mini' data-av_iconset='svg_entypo-fontello'><svg version=\"1.1\" xmlns=\"http:\/\/www.w3.org\/2000\/svg\" width=\"15\" height=\"32\" viewBox=\"0 0 15 32\" preserveAspectRatio=\"xMidYMid meet\" aria-labelledby='av-svg-title-1' aria-describedby='av-svg-desc-1' role=\"graphics-symbol\" aria-hidden=\"true\">\n<title id='av-svg-title-1'>Scroll to next section<\/title>\n<desc id='av-svg-desc-1'>Scroll to next section<\/desc>\n<path d=\"M12.96 12.16q0.704-0.832 1.536 0 0.832 0.704 0 1.536l-6.272 6.144q-0.704 0.704-1.536 0l-6.272-6.144q-0.832-0.832 0-1.536 0.768-0.768 1.6 0l5.44 4.992z\"><\/path>\n<\/svg><\/a><div class='container av-section-cont-open' ><main  role=\"main\" itemprop=\"mainContentOfPage\"  class='template-page content  av-content-small alpha units'><div class='post-entry post-entry-type-page post-entry-37815'><div class='entry-content-wrapper clearfix'>\n\n<style type=\"text\/css\" data-created_by=\"avia_inline_auto\" id=\"style-css-av-lwnpjzp7-30958b6f20b9331cb043193d83a6f7d8\">\n#top .av-special-heading.av-lwnpjzp7-30958b6f20b9331cb043193d83a6f7d8{\npadding-bottom:10px;\ncolor:#ffffff;\nfont-size:60px;\n}\nbody .av-special-heading.av-lwnpjzp7-30958b6f20b9331cb043193d83a6f7d8 .av-special-heading-tag .heading-char{\nfont-size:25px;\n}\n#top #wrap_all .av-special-heading.av-lwnpjzp7-30958b6f20b9331cb043193d83a6f7d8 .av-special-heading-tag{\nfont-size:60px;\n}\n.av-special-heading.av-lwnpjzp7-30958b6f20b9331cb043193d83a6f7d8 .special-heading-inner-border{\nborder-color:#ffffff;\n}\n.av-special-heading.av-lwnpjzp7-30958b6f20b9331cb043193d83a6f7d8 .av-subheading{\nfont-size:29px;\n}\n\n@media only screen and (max-width: 479px){ \n#top #wrap_all .av-special-heading.av-lwnpjzp7-30958b6f20b9331cb043193d83a6f7d8 .av-special-heading-tag{\nfont-size:35px;\n}\n}\n\n@media only screen and (min-width: 480px) and (max-width: 767px){ \n#top #wrap_all .av-special-heading.av-lwnpjzp7-30958b6f20b9331cb043193d83a6f7d8 .av-special-heading-tag{\nfont-size:0.8em;\n}\n}\n<\/style>\n<div  class='av-special-heading av-lwnpjzp7-30958b6f20b9331cb043193d83a6f7d8 av-special-heading-h2 custom-color-heading blockquote modern-quote modern-centered  avia-builder-el-1  el_before_av_heading  avia-builder-el-first  av-inherit-size'><h2 class='av-special-heading-tag '  itemprop=\"headline\"  >Suomen mestarit 2018\/19<\/h2><div class=\"special-heading-border\"><div class=\"special-heading-inner-border\"><\/div><\/div><\/div>\n\n<style type=\"text\/css\" data-created_by=\"avia_inline_auto\" id=\"style-css-av-lwnpmzbj-d22cff7c099315c19b582595442f5c1b\">\n#top .av-special-heading.av-lwnpmzbj-d22cff7c099315c19b582595442f5c1b{\npadding-bottom:10px;\ncolor:#ffffff;\n}\nbody .av-special-heading.av-lwnpmzbj-d22cff7c099315c19b582595442f5c1b .av-special-heading-tag .heading-char{\nfont-size:25px;\n}\n.av-special-heading.av-lwnpmzbj-d22cff7c099315c19b582595442f5c1b .special-heading-inner-border{\nborder-color:#ffffff;\n}\n.av-special-heading.av-lwnpmzbj-d22cff7c099315c19b582595442f5c1b .av-subheading{\nfont-size:29px;\n}\n\n@media only screen and (max-width: 479px){ \n#top #wrap_all .av-special-heading.av-lwnpmzbj-d22cff7c099315c19b582595442f5c1b .av-special-heading-tag{\nfont-size:25px;\n}\n}\n<\/style>\n<div  class='av-special-heading av-lwnpmzbj-d22cff7c099315c19b582595442f5c1b av-special-heading-h2 custom-color-heading blockquote modern-quote modern-centered  avia-builder-el-2  el_after_av_heading  avia-builder-el-last '><h2 class='av-special-heading-tag '  itemprop=\"headline\"  >HIFK, Helsinki<\/h2><div class=\"special-heading-border\"><div class=\"special-heading-inner-border\"><\/div><\/div><\/div>\n\n<\/div><\/div><\/main><!-- close content main element --><\/div><\/div><\/div><div id='av-layout-grid-1'  class='av-layout-grid-container av-lz031vv9-19d33f1cb6037d8aecf1b7f629b0dbe2 entry-content-wrapper footer_color av-flex-cells  avia-builder-el-3  el_after_av_section  el_before_av_postcontent  grid-row-not-first  container_wrap sidebar_right'  >\n\n<style type=\"text\/css\" data-created_by=\"avia_inline_auto\" id=\"style-css-av-lz032sg6-d99daeddaf61fba797395b57d5868ab8\">\n.flex_cell.av-lz032sg6-d99daeddaf61fba797395b57d5868ab8{\nvertical-align:top;\n}\n<\/style>\n<div class='flex_cell av-lz032sg6-d99daeddaf61fba797395b57d5868ab8 av-gridrow-cell av_three_fifth no_margin  avia-builder-el-4  el_before_av_cell_two_fifth  avia-builder-el-first  content-align-top'  ><div class='flex_cell_inner'><div  class='flex_column av-48vyye1-3ef6a045277b2ec5bbce28899bf19ff7 av_one_full  avia-builder-el-5  avia-builder-el-no-sibling  first flex_column_div  '     ><p>\n<style type=\"text\/css\" data-created_by=\"avia_inline_auto\" id=\"style-css-av-3zopdeh-6ef748e5a67751b2363daf4f9793eb2c\">\n#top .av-special-heading.av-3zopdeh-6ef748e5a67751b2363daf4f9793eb2c{\npadding-bottom:10px;\nfont-size:36px;\n}\nbody .av-special-heading.av-3zopdeh-6ef748e5a67751b2363daf4f9793eb2c .av-special-heading-tag .heading-char{\nfont-size:25px;\n}\n#top #wrap_all .av-special-heading.av-3zopdeh-6ef748e5a67751b2363daf4f9793eb2c .av-special-heading-tag{\nfont-size:36px;\n}\n.av-special-heading.av-3zopdeh-6ef748e5a67751b2363daf4f9793eb2c .av-subheading{\nfont-size:29px;\n}\n\n@media only screen and (max-width: 479px){ \n#top #wrap_all .av-special-heading.av-3zopdeh-6ef748e5a67751b2363daf4f9793eb2c .av-special-heading-tag{\nfont-size:35px;\n}\n}\n\n@media only screen and (min-width: 480px) and (max-width: 767px){ \n#top #wrap_all .av-special-heading.av-3zopdeh-6ef748e5a67751b2363daf4f9793eb2c .av-special-heading-tag{\nfont-size:0.8em;\n}\n}\n<\/style>\n<div  class='av-special-heading av-3zopdeh-6ef748e5a67751b2363daf4f9793eb2c av-special-heading-h2 blockquote modern-quote modern-centered  avia-builder-el-6  el_before_av_buttonrow  avia-builder-el-first  av-inherit-size'><h2 class='av-special-heading-tag '  itemprop=\"headline\"  >SM-sarja 2018\/19<\/h2><div class=\"special-heading-border\"><div class=\"special-heading-inner-border\"><\/div><\/div><\/div><br \/>\n<div  class='avia-buttonrow-wrap av-lzvfo0s3-21cd8cc0beeb9f9d03ba79ae9d06ce99 avia-buttonrow-center  avia-builder-el-7  el_after_av_heading  avia-builder-el-last '>\n\n<style type=\"text\/css\" data-created_by=\"avia_inline_auto\" id=\"style-css-av-lzvfncjz-50f88d69b143db55a8d1561f6a387ae8\">\n#top #wrap_all .avia-button.av-lzvfncjz-50f88d69b143db55a8d1561f6a387ae8{\nmargin-bottom:5px;\nmargin-right:3px;\nmargin-left:3px;\n}\n<\/style>\n<a href='https:\/\/aktialiiga.fi\/naiset\/joukkueet-2018-19\/'  class='avia-button av-lzvfncjz-50f88d69b143db55a8d1561f6a387ae8 avia-icon_select-no avia-size-large avia-color-light'   aria-label=\"Joukkueet\"><span class='avia_iconbox_title' >Joukkueet<\/span><\/a>\n\n<style type=\"text\/css\" data-created_by=\"avia_inline_auto\" id=\"style-css-av-lzvfnl7p-55513ca27d669493a5b64853b8c00b8a\">\n#top #wrap_all .avia-button.av-lzvfnl7p-55513ca27d669493a5b64853b8c00b8a{\nmargin-bottom:5px;\nmargin-right:3px;\nmargin-left:3px;\n}\n<\/style>\n<a href='https:\/\/aktialiiga.fi\/naiset\/2018-2019\/otteluohjelma-2018-19\/'  class='avia-button av-lzvfnl7p-55513ca27d669493a5b64853b8c00b8a avia-icon_select-no avia-size-large avia-color-light'   aria-label=\"Ottelutulokset\"><span class='avia_iconbox_title' >Ottelutulokset<\/span><\/a>\n\n<style type=\"text\/css\" data-created_by=\"avia_inline_auto\" id=\"style-css-av-lzvfntao-61e76bfa686cc2419048b19106249a8d\">\n#top #wrap_all .avia-button.av-lzvfntao-61e76bfa686cc2419048b19106249a8d{\nmargin-bottom:5px;\nmargin-right:3px;\nmargin-left:3px;\n}\n<\/style>\n<a href='https:\/\/aktialiiga.fi\/naiset\/2018-2019\/ottelut-2018-2019\/'  class='avia-button av-lzvfntao-61e76bfa686cc2419048b19106249a8d avia-icon_select-no avia-size-large avia-color-light'   aria-label=\"Pelatut ottelut\"><span class='avia_iconbox_title' >Pelatut ottelut<\/span><\/a>\n\n<style type=\"text\/css\" data-created_by=\"avia_inline_auto\" id=\"style-css-av-lzvfo00a-fa48af7e7a3c25dcc4080be16eceffce\">\n#top #wrap_all .avia-button.av-lzvfo00a-fa48af7e7a3c25dcc4080be16eceffce{\nmargin-bottom:5px;\nmargin-right:3px;\nmargin-left:3px;\n}\n<\/style>\n<a href='https:\/\/aktialiiga.fi\/naiset\/2018-2019\/tilastot-2018-2019\/'  class='avia-button av-lzvfo00a-fa48af7e7a3c25dcc4080be16eceffce avia-icon_select-no avia-size-large avia-color-light'   aria-label=\"Tilastot\"><span class='avia_iconbox_title' >Tilastot<\/span><\/a>\n<\/div><\/p><\/div>\n<\/div><\/div><div class='flex_cell av-iwq4gp-64d94dd86416c7e4b8ba2e0da750841e av-gridrow-cell av_two_fifth no_margin  avia-builder-el-8  el_after_av_cell_three_fifth  avia-builder-el-last '  ><div class='flex_cell_inner'><div  class='flex_column av-3mpr3nd-ae9e18bcc15da69b34bf0b1e8f65b489 av_one_full  avia-builder-el-9  avia-builder-el-no-sibling  first flex_column_div  '     ><p>\n<style type=\"text\/css\" data-created_by=\"avia_inline_auto\" id=\"style-css-av-lyiimcc7-98fe3008424d62b5cb207b7dc495f4e1\">\n#top .av-special-heading.av-lyiimcc7-98fe3008424d62b5cb207b7dc495f4e1{\npadding-bottom:10px;\nfont-size:36px;\n}\nbody .av-special-heading.av-lyiimcc7-98fe3008424d62b5cb207b7dc495f4e1 .av-special-heading-tag .heading-char{\nfont-size:25px;\n}\n#top #wrap_all .av-special-heading.av-lyiimcc7-98fe3008424d62b5cb207b7dc495f4e1 .av-special-heading-tag{\nfont-size:36px;\n}\n.av-special-heading.av-lyiimcc7-98fe3008424d62b5cb207b7dc495f4e1 .av-subheading{\nfont-size:29px;\n}\n\n@media only screen and (max-width: 479px){ \n#top #wrap_all .av-special-heading.av-lyiimcc7-98fe3008424d62b5cb207b7dc495f4e1 .av-special-heading-tag{\nfont-size:35px;\n}\n}\n\n@media only screen and (min-width: 480px) and (max-width: 767px){ \n#top #wrap_all .av-special-heading.av-lyiimcc7-98fe3008424d62b5cb207b7dc495f4e1 .av-special-heading-tag{\nfont-size:0.8em;\n}\n}\n<\/style>\n<div  class='av-special-heading av-lyiimcc7-98fe3008424d62b5cb207b7dc495f4e1 av-special-heading-h2 blockquote modern-quote modern-centered  avia-builder-el-10  el_before_av_buttonrow  avia-builder-el-first  av-inherit-size'><h2 class='av-special-heading-tag '  itemprop=\"headline\"  >Muut kilpailut<\/h2><div class=\"special-heading-border\"><div class=\"special-heading-inner-border\"><\/div><\/div><\/div><br \/>\n<div  class='avia-buttonrow-wrap av-lzvfq6e0-54b822e921644360bed647c22f2fb111 avia-buttonrow-center  avia-builder-el-11  el_after_av_heading  avia-builder-el-last '>\n\n<style type=\"text\/css\" data-created_by=\"avia_inline_auto\" id=\"style-css-av-t1wzkn-b3dd5c429dbf60f49078599ccba0d949\">\n#top #wrap_all .avia-button.av-t1wzkn-b3dd5c429dbf60f49078599ccba0d949{\nmargin-bottom:5px;\nmargin-right:3px;\nmargin-left:3px;\n}\n<\/style>\n<a href='https:\/\/aktialiiga.fi\/naiset\/2018-2019\/ottelut-2018-2019\/suomen-cup-2018-19\/'  class='avia-button av-t1wzkn-b3dd5c429dbf60f49078599ccba0d949 avia-icon_select-no avia-size-large avia-color-light'   aria-label=\"Suomen Cup\"><span class='avia_iconbox_title' >Suomen Cup<\/span><\/a>\n\n<style type=\"text\/css\" data-created_by=\"avia_inline_auto\" id=\"style-css-av-lzvfq5gu-2e9562689fcf5862062630fd2f44ebba\">\n#top #wrap_all .avia-button.av-lzvfq5gu-2e9562689fcf5862062630fd2f44ebba{\nmargin-bottom:5px;\nmargin-right:3px;\nmargin-left:3px;\n}\n<\/style>\n<a href='https:\/\/aktialiiga.fi\/naiset\/2018-2019\/ottelut-2018-2019\/ehf-challenge-cup-2018-2019\/'  class='avia-button av-lzvfq5gu-2e9562689fcf5862062630fd2f44ebba avia-icon_select-no avia-size-large avia-color-light'   aria-label=\"EHF Challenge Cup\"><span class='avia_iconbox_title' >EHF Challenge Cup<\/span><\/a>\n<\/div><\/p><\/div>\n<\/div><\/div>\n<\/div>\n\n","protected":false},"excerpt":{"rendered":"","protected":false},"author":13,"featured_media":681,"parent":0,"menu_order":0,"comment_status":"closed","ping_status":"closed","template":"","meta":{"_acf_changed":false,"jetpack_post_was_ever_published":true,"footnotes":""},"class_list":["post-37815","page","type-page","status-publish","has-post-thumbnail","hentry"],"acf":[],"yoast_head":"<!-- This site is optimized with the Yoast SEO plugin v27.3 - https:\/\/yoast.com\/product\/yoast-seo-wordpress\/ -->\n<title>K\u00e4sipallon naisten SM-sarja 2018-19 | K\u00e4sipallon naisten Aktialiiga<\/title>\n<meta name=\"description\" content=\"K\u00e4sipallon naisten SM-sarjan sivusto\" \/>\n<meta name=\"robots\" content=\"index, follow, max-snippet:-1, max-image-preview:large, max-video-preview:-1\" \/>\n<link rel=\"canonical\" href=\"https:\/\/aktialiiga.fi\/naiset\/kasipallon-naisten-sm-sarja-2018-19\/\" \/>\n<meta property=\"og:locale\" content=\"fi_FI\" \/>\n<meta property=\"og:type\" content=\"article\" \/>\n<meta property=\"og:title\" content=\"K\u00e4sipallon naisten SM-sarja 2018-19 | K\u00e4sipallon naisten Aktialiiga\" \/>\n<meta property=\"og:description\" content=\"K\u00e4sipallon naisten SM-sarjan sivusto\" \/>\n<meta property=\"og:url\" content=\"https:\/\/aktialiiga.fi\/naiset\/kasipallon-naisten-sm-sarja-2018-19\/\" \/>\n<meta property=\"og:site_name\" content=\"K\u00e4sipallon naisten Aktialiiga\" \/>\n<meta property=\"article:publisher\" content=\"https:\/\/www.facebook.com\/finnhandball\" \/>\n<meta property=\"article:modified_time\" content=\"2024-08-28T15:32:10+00:00\" \/>\n<meta property=\"og:image\" content=\"https:\/\/aktialiiga.fi\/naiset\/wp-content\/uploads\/sites\/6\/2016\/08\/KP55233.jpg\" \/>\n<meta name=\"twitter:card\" content=\"summary_large_image\" \/>\n<meta name=\"twitter:site\" content=\"@finnhandball\" \/>\n<script type=\"application\/ld+json\" class=\"yoast-schema-graph\">{\"@context\":\"https:\\\/\\\/schema.org\",\"@graph\":[{\"@type\":\"WebPage\",\"@id\":\"https:\\\/\\\/aktialiiga.fi\\\/naiset\\\/kasipallon-naisten-sm-sarja-2018-19\\\/\",\"url\":\"https:\\\/\\\/aktialiiga.fi\\\/naiset\\\/kasipallon-naisten-sm-sarja-2018-19\\\/\",\"name\":\"K\u00e4sipallon naisten SM-sarja 2018-19 | K\u00e4sipallon naisten Aktialiiga\",\"isPartOf\":{\"@id\":\"https:\\\/\\\/aktialiiga.fi\\\/naiset\\\/#website\"},\"primaryImageOfPage\":{\"@id\":\"https:\\\/\\\/aktialiiga.fi\\\/naiset\\\/kasipallon-naisten-sm-sarja-2018-19\\\/#primaryimage\"},\"image\":{\"@id\":\"https:\\\/\\\/aktialiiga.fi\\\/naiset\\\/kasipallon-naisten-sm-sarja-2018-19\\\/#primaryimage\"},\"thumbnailUrl\":\"https:\\\/\\\/aktialiiga.fi\\\/naiset\\\/wp-content\\\/uploads\\\/sites\\\/6\\\/2011\\\/09\\\/naisten-sm-sarja.png\",\"datePublished\":\"2024-08-15T15:29:42+00:00\",\"dateModified\":\"2024-08-28T15:32:10+00:00\",\"description\":\"K\u00e4sipallon naisten SM-sarjan sivusto\",\"breadcrumb\":{\"@id\":\"https:\\\/\\\/aktialiiga.fi\\\/naiset\\\/kasipallon-naisten-sm-sarja-2018-19\\\/#breadcrumb\"},\"inLanguage\":\"fi\",\"potentialAction\":[{\"@type\":\"ReadAction\",\"target\":[\"https:\\\/\\\/aktialiiga.fi\\\/naiset\\\/kasipallon-naisten-sm-sarja-2018-19\\\/\"]}]},{\"@type\":\"ImageObject\",\"inLanguage\":\"fi\",\"@id\":\"https:\\\/\\\/aktialiiga.fi\\\/naiset\\\/kasipallon-naisten-sm-sarja-2018-19\\\/#primaryimage\",\"url\":\"https:\\\/\\\/aktialiiga.fi\\\/naiset\\\/wp-content\\\/uploads\\\/sites\\\/6\\\/2011\\\/09\\\/naisten-sm-sarja.png\",\"contentUrl\":\"https:\\\/\\\/aktialiiga.fi\\\/naiset\\\/wp-content\\\/uploads\\\/sites\\\/6\\\/2011\\\/09\\\/naisten-sm-sarja.png\",\"width\":591,\"height\":630,\"caption\":\"K\u00e4sipallon naisten SM-sarja\"},{\"@type\":\"BreadcrumbList\",\"@id\":\"https:\\\/\\\/aktialiiga.fi\\\/naiset\\\/kasipallon-naisten-sm-sarja-2018-19\\\/#breadcrumb\",\"itemListElement\":[{\"@type\":\"ListItem\",\"position\":1,\"name\":\"Etusivu\",\"item\":\"https:\\\/\\\/aktialiiga.fi\\\/naiset\\\/\"},{\"@type\":\"ListItem\",\"position\":2,\"name\":\"K\u00e4sipallon naisten SM-sarja 2018-19\"}]},{\"@type\":\"WebSite\",\"@id\":\"https:\\\/\\\/aktialiiga.fi\\\/naiset\\\/#website\",\"url\":\"https:\\\/\\\/aktialiiga.fi\\\/naiset\\\/\",\"name\":\"K\u00e4sipallon naisten Aktialiiga\",\"description\":\"Valtakunnan vauhdikkainta palloilua!\",\"publisher\":{\"@id\":\"https:\\\/\\\/aktialiiga.fi\\\/naiset\\\/#organization\"},\"potentialAction\":[{\"@type\":\"SearchAction\",\"target\":{\"@type\":\"EntryPoint\",\"urlTemplate\":\"https:\\\/\\\/aktialiiga.fi\\\/naiset\\\/?s={search_term_string}\"},\"query-input\":{\"@type\":\"PropertyValueSpecification\",\"valueRequired\":true,\"valueName\":\"search_term_string\"}}],\"inLanguage\":\"fi\"},{\"@type\":\"Organization\",\"@id\":\"https:\\\/\\\/aktialiiga.fi\\\/naiset\\\/#organization\",\"name\":\"K\u00e4sipallon naisten Aktialiiga\",\"url\":\"https:\\\/\\\/aktialiiga.fi\\\/naiset\\\/\",\"logo\":{\"@type\":\"ImageObject\",\"inLanguage\":\"fi\",\"@id\":\"https:\\\/\\\/aktialiiga.fi\\\/naiset\\\/#\\\/schema\\\/logo\\\/image\\\/\",\"url\":\"https:\\\/\\\/aktialiiga.fi\\\/naiset\\\/wp-content\\\/uploads\\\/sites\\\/6\\\/2024\\\/09\\\/Aktialiiga-Yoast-512.png\",\"contentUrl\":\"https:\\\/\\\/aktialiiga.fi\\\/naiset\\\/wp-content\\\/uploads\\\/sites\\\/6\\\/2024\\\/09\\\/Aktialiiga-Yoast-512.png\",\"width\":512,\"height\":512,\"caption\":\"K\u00e4sipallon naisten Aktialiiga\"},\"image\":{\"@id\":\"https:\\\/\\\/aktialiiga.fi\\\/naiset\\\/#\\\/schema\\\/logo\\\/image\\\/\"},\"sameAs\":[\"https:\\\/\\\/www.facebook.com\\\/finnhandball\",\"https:\\\/\\\/x.com\\\/finnhandball\",\"https:\\\/\\\/www.instagram.com\\\/handballfinland\\\/\"]}]}<\/script>\n<!-- \/ Yoast SEO plugin. -->","yoast_head_json":{"title":"K\u00e4sipallon naisten SM-sarja 2018-19 | K\u00e4sipallon naisten Aktialiiga","description":"K\u00e4sipallon naisten SM-sarjan sivusto","robots":{"index":"index","follow":"follow","max-snippet":"max-snippet:-1","max-image-preview":"max-image-preview:large","max-video-preview":"max-video-preview:-1"},"canonical":"https:\/\/aktialiiga.fi\/naiset\/kasipallon-naisten-sm-sarja-2018-19\/","og_locale":"fi_FI","og_type":"article","og_title":"K\u00e4sipallon naisten SM-sarja 2018-19 | K\u00e4sipallon naisten Aktialiiga","og_description":"K\u00e4sipallon naisten SM-sarjan sivusto","og_url":"https:\/\/aktialiiga.fi\/naiset\/kasipallon-naisten-sm-sarja-2018-19\/","og_site_name":"K\u00e4sipallon naisten Aktialiiga","article_publisher":"https:\/\/www.facebook.com\/finnhandball","article_modified_time":"2024-08-28T15:32:10+00:00","og_image":[{"url":"https:\/\/aktialiiga.fi\/naiset\/wp-content\/uploads\/sites\/6\/2016\/08\/KP55233.jpg","type":"","width":"","height":""}],"twitter_card":"summary_large_image","twitter_site":"@finnhandball","schema":{"@context":"https:\/\/schema.org","@graph":[{"@type":"WebPage","@id":"https:\/\/aktialiiga.fi\/naiset\/kasipallon-naisten-sm-sarja-2018-19\/","url":"https:\/\/aktialiiga.fi\/naiset\/kasipallon-naisten-sm-sarja-2018-19\/","name":"K\u00e4sipallon naisten SM-sarja 2018-19 | K\u00e4sipallon naisten Aktialiiga","isPartOf":{"@id":"https:\/\/aktialiiga.fi\/naiset\/#website"},"primaryImageOfPage":{"@id":"https:\/\/aktialiiga.fi\/naiset\/kasipallon-naisten-sm-sarja-2018-19\/#primaryimage"},"image":{"@id":"https:\/\/aktialiiga.fi\/naiset\/kasipallon-naisten-sm-sarja-2018-19\/#primaryimage"},"thumbnailUrl":"https:\/\/aktialiiga.fi\/naiset\/wp-content\/uploads\/sites\/6\/2011\/09\/naisten-sm-sarja.png","datePublished":"2024-08-15T15:29:42+00:00","dateModified":"2024-08-28T15:32:10+00:00","description":"K\u00e4sipallon naisten SM-sarjan sivusto","breadcrumb":{"@id":"https:\/\/aktialiiga.fi\/naiset\/kasipallon-naisten-sm-sarja-2018-19\/#breadcrumb"},"inLanguage":"fi","potentialAction":[{"@type":"ReadAction","target":["https:\/\/aktialiiga.fi\/naiset\/kasipallon-naisten-sm-sarja-2018-19\/"]}]},{"@type":"ImageObject","inLanguage":"fi","@id":"https:\/\/aktialiiga.fi\/naiset\/kasipallon-naisten-sm-sarja-2018-19\/#primaryimage","url":"https:\/\/aktialiiga.fi\/naiset\/wp-content\/uploads\/sites\/6\/2011\/09\/naisten-sm-sarja.png","contentUrl":"https:\/\/aktialiiga.fi\/naiset\/wp-content\/uploads\/sites\/6\/2011\/09\/naisten-sm-sarja.png","width":591,"height":630,"caption":"K\u00e4sipallon naisten SM-sarja"},{"@type":"BreadcrumbList","@id":"https:\/\/aktialiiga.fi\/naiset\/kasipallon-naisten-sm-sarja-2018-19\/#breadcrumb","itemListElement":[{"@type":"ListItem","position":1,"name":"Etusivu","item":"https:\/\/aktialiiga.fi\/naiset\/"},{"@type":"ListItem","position":2,"name":"K\u00e4sipallon naisten SM-sarja 2018-19"}]},{"@type":"WebSite","@id":"https:\/\/aktialiiga.fi\/naiset\/#website","url":"https:\/\/aktialiiga.fi\/naiset\/","name":"K\u00e4sipallon naisten Aktialiiga","description":"Valtakunnan vauhdikkainta palloilua!","publisher":{"@id":"https:\/\/aktialiiga.fi\/naiset\/#organization"},"potentialAction":[{"@type":"SearchAction","target":{"@type":"EntryPoint","urlTemplate":"https:\/\/aktialiiga.fi\/naiset\/?s={search_term_string}"},"query-input":{"@type":"PropertyValueSpecification","valueRequired":true,"valueName":"search_term_string"}}],"inLanguage":"fi"},{"@type":"Organization","@id":"https:\/\/aktialiiga.fi\/naiset\/#organization","name":"K\u00e4sipallon naisten Aktialiiga","url":"https:\/\/aktialiiga.fi\/naiset\/","logo":{"@type":"ImageObject","inLanguage":"fi","@id":"https:\/\/aktialiiga.fi\/naiset\/#\/schema\/logo\/image\/","url":"https:\/\/aktialiiga.fi\/naiset\/wp-content\/uploads\/sites\/6\/2024\/09\/Aktialiiga-Yoast-512.png","contentUrl":"https:\/\/aktialiiga.fi\/naiset\/wp-content\/uploads\/sites\/6\/2024\/09\/Aktialiiga-Yoast-512.png","width":512,"height":512,"caption":"K\u00e4sipallon naisten Aktialiiga"},"image":{"@id":"https:\/\/aktialiiga.fi\/naiset\/#\/schema\/logo\/image\/"},"sameAs":["https:\/\/www.facebook.com\/finnhandball","https:\/\/x.com\/finnhandball","https:\/\/www.instagram.com\/handballfinland\/"]}]}},"jetpack_sharing_enabled":true,"jetpack_shortlink":"https:\/\/wp.me\/PfYhm6-9PV","_links":{"self":[{"href":"https:\/\/aktialiiga.fi\/naiset\/wp-json\/wp\/v2\/pages\/37815","targetHints":{"allow":["GET"]}}],"collection":[{"href":"https:\/\/aktialiiga.fi\/naiset\/wp-json\/wp\/v2\/pages"}],"about":[{"href":"https:\/\/aktialiiga.fi\/naiset\/wp-json\/wp\/v2\/types\/page"}],"author":[{"embeddable":true,"href":"https:\/\/aktialiiga.fi\/naiset\/wp-json\/wp\/v2\/users\/13"}],"replies":[{"embeddable":true,"href":"https:\/\/aktialiiga.fi\/naiset\/wp-json\/wp\/v2\/comments?post=37815"}],"version-history":[{"count":1,"href":"https:\/\/aktialiiga.fi\/naiset\/wp-json\/wp\/v2\/pages\/37815\/revisions"}],"predecessor-version":[{"id":39942,"href":"https:\/\/aktialiiga.fi\/naiset\/wp-json\/wp\/v2\/pages\/37815\/revisions\/39942"}],"wp:featuredmedia":[{"embeddable":true,"href":"https:\/\/aktialiiga.fi\/naiset\/wp-json\/wp\/v2\/media\/681"}],"wp:attachment":[{"href":"https:\/\/aktialiiga.fi\/naiset\/wp-json\/wp\/v2\/media?parent=37815"}],"curies":[{"name":"wp","href":"https:\/\/api.w.org\/{rel}","templated":true}]}}